-21
Let m(o) = 90*o**2 + 366*o + 12. Determine m(-4).
-12
Let x(v) = -v**3 + 3490*v + 329. Determine x(-59).
-202
Let b(i) = 6067*i + 637037. Give b(-105).
2
Let m(v) = -14*v**2 - 29*v - 143. Give m(11).
-2156
Let b(a) = 135*a**2 + 896*a - 33. Give b(-7).
310
Let h(z) = -z**3 - 40*z**2 - 402*z + 35. Give h(-22).
167
Let k(q) = -13574*q + 230916. Calculate k(17).
158
Let j(b) = 7539*b + 74160. Calculate j(-10).
-1230
Let i(b) = 64*b**2 + 4773*b - 2031. Determine i(-75).
-6
Let t(z) = 13147*z + 302124. Calculate t(-23).
-257
Let x(j) = 2*j**2 + 1602*j - 414. Determine x(0).
-414
Let p(k) = -k**3 - 8*k**2 - 54*k - 137. What is p(-4)?
15
Let u(v) = 24094*v + 168682. What is u(-7)?
24
Let c(g) = g**3 - 86*g**2 - 454*g - 220. Give c(91).
-129
Let q(k) = -1827*k + 15052. Give q(9).
-1391
Let g(v) = 148*v**2 - 53*v - 341. Calculate g(2).
145
Let x(f) = 315058*f + 17643260. Determine x(-56).
12
Let v(r) = -r**3 + 155*r**2 + 723*r - 200447. Calculate v(151).
-70
Let z(p) = -p**3 + 20*p**2 + 458*p - 1543. Calculate z(3).
-16
Let q(o) = -82*o**2 - 2497*o - 8670. Give q(-4).
6
Let v(k) = -3*k**3 - 1265*k**2 - 856*k - 5897. Determine v(-421).
-3
Let l(k) = 3*k**3 - 4*k**2 - 38*k - 63. What is l(-10)?
-3083
Let z(g) = -7*g**3 - 23*g**2 + 65*g + 213. Calculate z(-7).
1032
Let r(i) = 2*i**2 + 352*i + 5076. Determine r(-160).
-44
Let y(a) = -a**3 - 106*a**2 + 12075*a - 6. What is y(-175)?
-6
Let c(n) = 12*n**3 - 118*n**2 + 32*n - 209. Give c(9).
-731
Let t(r) = -3*r**3 - 190*r**2 - 2109*r + 70. Calculate t(-49).
168
Let v(x) = -33251*x - 99720. Give v(-3).
33
Let s(y) = -3*y**3 - 853*y**2 - 284*y + 158. Calculate s(-284).
158
Let u(g) = 12173*g + 12149. What is u(-1)?
-24
Let z(k) = 50575*k + 708538. Give z(-14).
488
Let o(g) = g**3 - 37*g**2 - 317*g + 8964. What is o(14)?
18
Let r(q) = q**2 + 81*q + 362. What is r(-5)?
-18
Let h(r) = 139*r**2 - 3504*r + 656. Give h(25).
-69
Let j(f) = 3*f**3 + 405*f**2 + 1576*f - 109. Determine j(-131).
-633
Let h(b) = b**3 + 41*b**2 + 400*b + 100. Give h(-15).
-50
Let i(c) = -159*c - 8207. Determine i(-50).
-257
Let l(k) = -k**2 + 8527*k + 256750. What is l(-30)?
40
Let q(x) = -9*x**2 + 120*x + 27. Calculate q(15).
-198
Let y(i) = -2*i**3 + 105*i**2 - 420*i - 309. Give y(48).
267
Let q(j) = -2*j**3 + 23*j**2 + 284*j - 80. Determine q(-7).
-255
Let r(x) = 8*x**3 - 2*x**2 + 21977*x - 21973. Give r(1).
10
Let c(z) = z**2 - z - 621. Give c(-9).
-531
Let t(h) = 4*h**3 + 222*h**2 - 130*h - 951. Determine t(-56).
57
Let o(b) = -159970*b + 319893. Give o(2).
-47
Let b(k) = -25*k**2 + 12416*k + 4526. What is b(497)?
53
Let u(q) = q**3 - 6*q**2 + 13*q + 12. Give u(10).
542
Let k(q) = -q**3 - 41*q**2 - 28*q - 211. Give k(-40).
-691
Let h(u) = -219*u**2 - 162498*u + 4. What is h(-742)?
4
Let p(z) = 9*z**2 + 202*z - 138. Determine p(-22).
-226
Let v(j) = -j**3 - 7*j**2 + 150*j - 325. Give v(-16).
-421
Let h(a) = 1018*a**2 - 2085*a + 72. Calculate h(2).
-26
Let k(d) = 62*d**2 - 805*d - 22. Calculate k(13).
-9
Let v(o) = 1120*o + 25787. Determine v(-23).
27
Let q(k) = -k**3 - 21*k**2 + 265*k - 124. Calculate q(-30).
26
Let o(x) = -674*x - 86275. Give o(-129).
671
Let u(i) = 86*i**3 - 4*i**2 - 213*i + 216. Determine u(1).
85
Let j(p) = -150*p - 14915. Determine j(-66).
-5015
Let b(j) = -18*j**2 + 2095*j - 1063. Give b(116).
-251
Let h(t) = 2*t**3 - 11*t**2 - 55*t + 36. What is h(8)?
-84
Let s(d) = -61*d**2 - 3318*d - 17710. What is s(-6)?
2
Let f(v) = -v**2 - 10465*v + 52365. Determine f(5).
15
Let b(v) = 13836*v - 13696. Determine b(1).
140
Let a(s) = -140*s + 568. Calculate a(9).
-692
Let d(m) = 44*m + 721. Determine d(-3).
589
Let a(y) = -y**2 + 174416*y + 3139836. Give a(-18).
24
Let z(b) = -215996*b - 11447786. What is z(-53)?
2
Let n(r) = -392*r + 8565. What is n(33)?
-4371
Let a(x) = 5*x**2 - 1013*x + 23542. Give a(27).
-164
Let u(i) = 16985*i + 934168. Determine u(-55).
-7
Let t(x) = 9*x**2 + 4467*x + 168037. What is t(-41)?
19
Let g(i) = 5492*i + 153859. Determine g(-28).
83
Let t(h) = -h**3 - 3*h**2 - 72*h + 422. Give t(4).
22
Let p(c) = 114*c**2 - 220*c. What is p(1)?
-106
Let p(m) = -11*m**2 + 238*m + 1216. Give p(26).
-32
Let y(x) = -4164*x + 43106. Determine y(10).
1466
Let r(i) = 845*i + 409835. Calculate r(-485).
10
Let i(f) = -1056*f - 1013671. Determine i(-960).
89
Let u(i) = -i**2 - 124*i + 64. What is u(-125)?
-61
Let q(b) = -10*b**3 + 226*b**2 + 92*b - 39. Calculate q(23).
-39
Let x(b) = 6*b**2 + 348*b + 977. Give x(-3).
-13
Let u(p) = 2*p**2 - 149*p + 2642. What is u(46)?
20
Let q(n) = -6592*n - 454854. What is q(-69)?
-6
Let h(q) = -232*q**2 + 11760*q + 47052. Calculate h(-4).
-3700
Let k(l) = -284*l**2 - 595*l + 594. Determine k(1).
-285
Let v(j) = -19*j**2 + 970*j - 2941. Give v(3).
-202
Let s(y) = -112*y + 8453. What is s(76)?
-59
Let q(l) = 12*l**3 - 84*l**2 - 56*l + 522. What is q(8)?
842
Let l(t) = 2159*t + 10408. Determine l(-5).
-387
Let y(x) = 20*x**3 + 353*x**2 - 123*x + 21. Determine y(-18).
-33
Let c(w) = -5389*w**3 - 10779*w**2 - 28*w - 48. Determine c(-2).
4
Let l(t) = -6*t**3 - 3*t**2 - 147*t - 66. Give l(-10).
7104
Let j(d) = -11*d**2 + 176*d + 329. Give j(20).
-551
Let o(j) = -j**2 - 162*j - 6358. Calculate o(-93).
59
Let b(h) = h**2 + 814*h + 26440. What is b(-33)?
667
Let n(s) = 5*s**2 + 4037*s - 36206. Calculate n(9).
532
Let s(x) = 40349*x + 282472. Give s(-7).
29
Let z(v) = -v**3 + 114*v**2 + 27*v - 2988. Determine z(114).
90
Let w(f) = f**2 + 22*f + 229. Determine w(-42).
1069
Let a(s) = -s**3 - 30*s**2 + 2*s - 962. What is a(0)?
-962
Let c(t) = 72*t + 1025. Determine c(-20).
-415
Let k(y) = 140403*y + 2527215. What is k(-18)?
-39
Let c(o) = 1243*o + 5571. What is c(-5)?
-644
Let f(j) = 567*j + 6457. What is f(-9)?
1354
Let i(n) = 20*n**2 + 422*n + 422. Give i(-1).
20
Let l(x) = -101421*x + 6490944. What is l(64)?
0
Let t(g) = 1147*g - 54966. Determine t(48).
90
Let i(n) = -2*n**3 - 689*n**2 - 3734*n - 1734. Calculate i(-339).
-39
Let a(b) = 2*b**3 - 24*b**2 - 902*b + 10779. Give a(12).
-45
Let k(c) = 233669*c - 1168318. Determine k(5).
27
Let p(s) = 48*s - 259. What is p(6)?
29
Let u(x) = 7*x**2 + 43*x + 230. What is u(-3)?
164
Let u(y) = 2*y**2 - 252*y + 5. Calculate u(0).
5
Let i(b) = b**2 - 17714*b - 124052. Determine i(-7).
-5
Let w(m) = 4097502*m + 4097510. Calculate w(-1).
8
Let h(c) = 22*c**3 + 155*c**2 + 14*c + 27. What is h(-6)?
771
Let c(f) = 6915*f + 2116058. Give c(-306).
68
Let h(y) = -y**3 - 98*y**2 + 17772*y - 823. Calculate h(93).
14
Let x(b) = 43*b**2 + 1055*b + 135. What is x(-26)?
1773
Let j(c) = -14*c**2 - 170*c - 53. Calculate j(-12).
-29
Let i(o) = 12*o**3 + 2110*o**2 - 359*o - 1215. Determine i(-176).
17
Let x(h) = -124222*h + 1118000. What is x(9)?
2
Let l(i) = -520*i - 4237. What is l(-8)?
-77
Let f(q) = q**2 - 1207*q - 756215. Calculate f(-455).
-5
Let n(p) = 2527*p - 12661. Give n(5).
-26
Let j(k) = -45*k**2 - 5913*k - 5923. Determine j(-1).
-55
Let l(f) = -f**3 - 98*f**2 - 228*f + 2542. Calculate l(4).
-2
Let y(v) = -4*v**3 + 54*v**2 + 62*v + 423. Determine y(15).
3
Let b(t) = t**3 + 433*t**2 + 46869*t - 181. Calculate b(-215).
34
Let f(h) = 93*h - 1229. Give f(5).
-764
Let k(j) = -13*j**3 + 79*j**2 - 59*j + 308. Determine k(6).
-10
Let j(f) = 479*f - 744. Give j(3).
693
Let z(u) = 38*u - 766. Give z(14).
-234
Let q(d) = -4961420*d + 29768532. Give q(6).
12
Let x(q) = 12*q - 221. Calculate x(-18).
-437
Let w(h) = 2219*h + 208714. Calculate w(-94).
128
Let w(k) = 554*k - 2886. Determine w(6).
438
Let v(i) = -i**2 + 13*i + 294. Determine v(40).
-786
Let l(i) = -i**3 - 5*i**2 - 307206*i - 1843277. Give l(-6).
-5
Let n(d) = 4*d - 2068. Determine n(20).
-1988
Let b(w) = w**3 + 135*w**2 + 2448*w - 827. Give b(-22).
9
Let a(n) = n**3 + 14*n**2 - 139*n + 113. What is a(-20)?
493
Let o(q) = -2*q**2 + 125*q - 3803. Calculate o(47).
-2346
Let n(u) = -4*u**2 - 4928*u + 34540. Give n(7).
-152
Let q(t) = 2*t**3 - 399*t**2 + 601*t - 1324. What is q(198)?
62
Let y(c) = -14*c**3 + 6580*c**2 + 5. Give y(470).
5
Let r(j) = -21175*j + 148206. Calculate r(7).
-19
Let b(u) = u**3 - 120*u**2 + 1580*u - 13. Determine b(15).
62
Let h(d) = -1149763*d - 1149761. Determine h(-1).
2
Let y(j) = -j**2 - 3223*j + 6408. Determine y(2).
-42
Let q(y) = -85*y - 883. Calculate q(-10).
-33
Let m(b) =